{"id":5055,"date":"2023-03-23T14:01:39","date_gmt":"2023-03-23T14:01:39","guid":{"rendered":"https:\/\/landupplysingar.is\/?post_type=mec-events&#038;p=5055"},"modified":"2023-04-13T12:16:26","modified_gmt":"2023-04-13T12:16:26","slug":"haefni-og-menntun-i-gis","status":"publish","type":"mec-events","link":"https:\/\/landupplysingar.is\/index.php\/events\/haefni-og-menntun-i-gis\/","title":{"rendered":"F\u00e6rniframbo\u00f0 og menntun \u00ed landuppl\u00fdsingum"},"content":{"rendered":"<p>Landuppl\u00fdsingasamf\u00e9lagi\u00f0 er a\u00f0 \u00fer\u00f3ast og endurn\u00fdjast me\u00f0 \u00feeim hra\u00f0a a\u00f0 menntakerfi\u00f0 \u00e1 stundum \u00ed erfi\u00f0leikum me\u00f0 a\u00f0 halda \u00ed vi\u00f0 \u00fer\u00f3unina. \u00dear af lei\u00f0andi er eftirspurn eftir fagl\u00e6r\u00f0u starfsf\u00f3lki meira en frambo\u00f0 atvinnurekenda \u00e1 \u00f6llum svi\u00f0um.<\/p>\n<p>Norr\u00e6nt vefn\u00e1mskei\u00f0 um f\u00e6rniframbo\u00f0 og menntun \u00ed GI ver\u00f0ur haldi\u00f0 \u00feann 31. ma\u00ed 2023. Vegna mismunandi t\u00edmabelta hefst vefn\u00e1mskei\u00f0i\u00f0 \u00e1 \u00cdslandi klukkan 12:00 (GMT), \u00ed Sv\u00ed\u00fej\u00f3\u00f0, Danm\u00f6rku og Noregi klukkan 14:00 (GMT+1, sumart\u00edma), og \u00ed Finnlandi klukkan 15:00 (GMT+2, sumart\u00edmi).<\/p>\n<p>Taktu \u00fe\u00e1tt \u00ed \u00feessu vefn\u00e1mskei\u00f0i til a\u00f0 styrkja \u00feekkingu \u00fe\u00edna \u00e1 vinnukr\u00f6fum og menntun \u00ed dag \u00ed landuppl\u00fdsingum! Vi\u00f0 munum heyra d\u00e6mi fr\u00e1 h\u00e1sk\u00f3lum og einkageiranum fr\u00e1 \u00f6llum Nor\u00f0url\u00f6ndunum.<\/p>\n","protected":false},"excerpt":{"rendered":"<p>Landuppl\u00fdsingasamf\u00e9lagi\u00f0 er a\u00f0 \u00fer\u00f3ast og endurn\u00fdjast me\u00f0 \u00feeim hra\u00f0a a\u00f0 menntakerfi\u00f0 \u00e1 stundum \u00ed erfi\u00f0leikum me\u00f0 a\u00f0 halda \u00ed vi\u00f0 \u00fer\u00f3unina. \u00dear af lei\u00f0andi er eftirspurn eftir fagl\u00e6r\u00f0u starfsf\u00f3lki meira en frambo\u00f0 atvinnurekenda \u00e1 \u00f6llum svi\u00f0um. Norr\u00e6nt vefn\u00e1mskei\u00f0 um f\u00e6rniframbo\u00f0 og menntun \u00ed GI ver\u00f0ur haldi\u00f0 \u00feann 31. ma\u00ed 2023. Vegna mismunandi t\u00edmabelta hefst vefn\u00e1mskei\u00f0i\u00f0 [&hellip;]<\/p>\n","protected":false},"author":1,"featured_media":5056,"comment_status":"closed","ping_status":"closed","template":"","tags":[],"mec_category":[],"class_list":["post-5055","mec-events","type-mec-events","status-publish","has-post-thumbnail","hentry"],"aioseo_notices":[],"_links":{"self":[{"href":"https:\/\/landupplysingar.is\/index.php\/wp-json\/wp\/v2\/mec-events\/5055","targetHints":{"allow":["GET"]}}],"collection":[{"href":"https:\/\/landupplysingar.is\/index.php\/wp-json\/wp\/v2\/mec-events"}],"about":[{"href":"https:\/\/landupplysingar.is\/index.php\/wp-json\/wp\/v2\/types\/mec-events"}],"author":[{"embeddable":true,"href":"https:\/\/landupplysingar.is\/index.php\/wp-json\/wp\/v2\/users\/1"}],"replies":[{"embeddable":true,"href":"https:\/\/landupplysingar.is\/index.php\/wp-json\/wp\/v2\/comments?post=5055"}],"wp:featuredmedia":[{"embeddable":true,"href":"https:\/\/landupplysingar.is\/index.php\/wp-json\/wp\/v2\/media\/5056"}],"wp:attachment":[{"href":"https:\/\/landupplysingar.is\/index.php\/wp-json\/wp\/v2\/media?parent=5055"}],"wp:term":[{"taxonomy":"post_tag","embeddable":true,"href":"https:\/\/landupplysingar.is\/index.php\/wp-json\/wp\/v2\/tags?post=5055"},{"taxonomy":"mec_category","embeddable":true,"href":"https:\/\/landupplysingar.is\/index.php\/wp-json\/wp\/v2\/mec_category?post=5055"}],"curies":[{"name":"wp","href":"https:\/\/api.w.org\/{rel}","templated":true}]}}

Færniframboð og menntun í landupplýsingum

<p>Landupplýsingasamfélagið er að þróast og endurnýjast með þeim hraða að menntakerfið á stundum í erfiðleikum með að halda í við þróunina. Þar af leiðandi er eftirspurn eftir faglærðu starfsfólki meira en framboð atvinnurekenda á öllum sviðum.</p>
<p>Norrænt vefnámskeið um færniframboð og menntun í GI verður haldið þann 31. maí 2023. Vegna mismunandi tímabelta hefst vefnámskeiðið á Íslandi klukkan 12:00 (GMT), í Svíþjóð, Danmörku og Noregi klukkan 14:00 (GMT+1, sumartíma), og í Finnlandi klukkan 15:00 (GMT+2, sumartími).</p>
<p>Taktu þátt í þessu vefnámskeiði til að styrkja þekkingu þína á vinnukröfum og menntun í dag í landupplýsingum! Við munum heyra dæmi frá háskólum og einkageiranum frá öllum Norðurlöndunum.</p>

<p>Landupplýsingasamfélagið er að þróast og endurnýjast með þeim hraða að menntakerfið á stundum í erfiðleikum með að halda í við þróunina. Þar af leiðandi er eftirspurn eftir faglærðu starfsfólki meira en framboð atvinnurekenda á öllum sviðum. Norrænt vefnámskeið um færniframboð og menntun í GI verður haldið þann 31. maí 2023. Vegna mismunandi tímabelta hefst vefnámskeiðið [&hellip;]</p>
