{"id":5461,"date":"2024-01-17T11:32:25","date_gmt":"2024-01-17T11:32:25","guid":{"rendered":"https:\/\/landupplysingar.is\/?post_type=mec-events&#038;p=5461"},"modified":"2024-01-17T11:32:25","modified_gmt":"2024-01-17T11:32:25","slug":"transform-aec-projects-with-gis-and-bim-2","status":"publish","type":"mec-events","link":"https:\/\/landupplysingar.is\/index.php\/events\/transform-aec-projects-with-gis-and-bim-2\/","title":{"rendered":"Transform AEC Projects with GIS and BIM"},"content":{"rendered":"<p>Vefn\u00e1mskei\u00f0 \u00e1 vegum Esri<\/p>\n<p>\u00dear ver\u00f0ur fari\u00f0 yfir og s\u00fdnt hva\u00f0 er m\u00f6gulegt \u00feegar \u00fe\u00fa sam\u00fe\u00e6ttir CAD-g\u00f6gn og BIM-l\u00edk\u00f6n me\u00f0 GIS t\u00e6kninni.<\/p>\n<p><strong>N\u00e1mskei\u00f0 ver\u00f0ur haldi\u00f0 fr\u00e1 14. febr\u00faar til 13. mars. N\u00e1mskei\u00f0 er \u00e1n endurgjalds \u00fear sem Esri \u00fatvegar \u00f6ll g\u00f6gn og hugb\u00fana\u00f0 \u00e1 me\u00f0an n\u00e1minu stendur.<\/strong><\/p>\n<p>&nbsp;<\/p>\n","protected":false},"excerpt":{"rendered":"<p>Vefn\u00e1mskei\u00f0 \u00e1 vegum Esri \u00dear ver\u00f0ur fari\u00f0 yfir og s\u00fdnt hva\u00f0 er m\u00f6gulegt \u00feegar \u00fe\u00fa sam\u00fe\u00e6ttir CAD-g\u00f6gn og BIM-l\u00edk\u00f6n me\u00f0 GIS t\u00e6kninni. N\u00e1mskei\u00f0 ver\u00f0ur haldi\u00f0 fr\u00e1 14. febr\u00faar til 13. mars. N\u00e1mskei\u00f0 er \u00e1n endurgjalds \u00fear sem Esri \u00fatvegar \u00f6ll g\u00f6gn og hugb\u00fana\u00f0 \u00e1 me\u00f0an n\u00e1minu stendur. &nbsp;<\/p>\n","protected":false},"author":1,"featured_media":2168,"comment_status":"closed","ping_status":"closed","template":"","tags":[],"mec_category":[],"class_list":["post-5461","mec-events","type-mec-events","status-publish","has-post-thumbnail","hentry"],"aioseo_notices":[],"_links":{"self":[{"href":"https:\/\/landupplysingar.is\/index.php\/wp-json\/wp\/v2\/mec-events\/5461","targetHints":{"allow":["GET"]}}],"collection":[{"href":"https:\/\/landupplysingar.is\/index.php\/wp-json\/wp\/v2\/mec-events"}],"about":[{"href":"https:\/\/landupplysingar.is\/index.php\/wp-json\/wp\/v2\/types\/mec-events"}],"author":[{"embeddable":true,"href":"https:\/\/landupplysingar.is\/index.php\/wp-json\/wp\/v2\/users\/1"}],"replies":[{"embeddable":true,"href":"https:\/\/landupplysingar.is\/index.php\/wp-json\/wp\/v2\/comments?post=5461"}],"wp:featuredmedia":[{"embeddable":true,"href":"https:\/\/landupplysingar.is\/index.php\/wp-json\/wp\/v2\/media\/2168"}],"wp:attachment":[{"href":"https:\/\/landupplysingar.is\/index.php\/wp-json\/wp\/v2\/media?parent=5461"}],"wp:term":[{"taxonomy":"post_tag","embeddable":true,"href":"https:\/\/landupplysingar.is\/index.php\/wp-json\/wp\/v2\/tags?post=5461"},{"taxonomy":"mec_category","embeddable":true,"href":"https:\/\/landupplysingar.is\/index.php\/wp-json\/wp\/v2\/mec_category?post=5461"}],"curies":[{"name":"wp","href":"https:\/\/api.w.org\/{rel}","templated":true}]}}

<p>Vefnámskeið á vegum Esri</p>
<p>Þar verður farið yfir og sýnt hvað er mögulegt þegar þú samþættir CAD-gögn og BIM-líkön með GIS tækninni.</p>
<p><strong>Námskeið verður haldið frá 14. febrúar til 13. mars. Námskeið er án endurgjalds þar sem Esri útvegar öll gögn og hugbúnað á meðan náminu stendur.</strong></p>
<p>&nbsp;</p>

<p>Vefnámskeið á vegum Esri Þar verður farið yfir og sýnt hvað er mögulegt þegar þú samþættir CAD-gögn og BIM-líkön með GIS tækninni. Námskeið verður haldið frá 14. febrúar til 13. mars. Námskeið er án endurgjalds þar sem Esri útvegar öll gögn og hugbúnað á meðan náminu stendur. &nbsp;</p>
