{"id":5498,"date":"2024-01-31T11:09:07","date_gmt":"2024-01-31T11:09:07","guid":{"rendered":"https:\/\/landupplysingar.is\/index.php\/events\/adalfundur-lisu-2024\/"},"modified":"2024-01-31T11:09:07","modified_gmt":"2024-01-31T11:09:07","slug":"adalfundur-lisu-2024","status":"publish","type":"mec-events","link":"https:\/\/landupplysingar.is\/index.php\/events\/adalfundur-lisu-2024\/","title":{"rendered":"A\u00f0alfundur L\u00cdSU 2024"},"content":{"rendered":"<p>A\u00f0alfundur L\u00cdSU ver\u00f0ur haldinn \u00ed sal Vegager\u00f0arinnar \u00feann 21. febr\u00faar n\u00e6stkomandi fr\u00e1 13 &#8211; 14.<\/p>\n<p>Dagskr\u00e1:<\/p>\n<p>Venjuleg a\u00f0alfundarst\u00f6rf skv. 6. gr. laga samtakanna.<\/p>\n<p>Teki\u00f0 er \u00e1 m\u00f3ti upp\u00e1stungum um n\u00fdja stj\u00f3rnarme\u00f0limi me\u00f0 t\u00f6lvup\u00f3sti: lisa@landupplysingar.is<\/p>\n<p>\u00a0<\/p>\n<p>\u00a0<\/p>\n<p>\u00a0<\/p>\n","protected":false},"excerpt":{"rendered":"<p>A\u00f0alfundur L\u00cdSU ver\u00f0ur haldinn \u00ed sal Vegager\u00f0arinnar \u00feann 21. febr\u00faar n\u00e6stkomandi fr\u00e1 13 &#8211; 14. Dagskr\u00e1: Venjuleg a\u00f0alfundarst\u00f6rf skv. 6. gr. laga samtakanna. Teki\u00f0 er \u00e1 m\u00f3ti upp\u00e1stungum um n\u00fdja stj\u00f3rnarme\u00f0limi me\u00f0 t\u00f6lvup\u00f3sti: lisa@landupplysingar.is \u00a0 \u00a0 \u00a0<\/p>\n","protected":false},"author":1,"featured_media":4423,"comment_status":"","ping_status":"closed","template":"","tags":[],"mec_category":[],"class_list":["post-5498","mec-events","type-mec-events","status-publish","has-post-thumbnail","hentry"],"aioseo_notices":[],"_links":{"self":[{"href":"https:\/\/landupplysingar.is\/index.php\/wp-json\/wp\/v2\/mec-events\/5498","targetHints":{"allow":["GET"]}}],"collection":[{"href":"https:\/\/landupplysingar.is\/index.php\/wp-json\/wp\/v2\/mec-events"}],"about":[{"href":"https:\/\/landupplysingar.is\/index.php\/wp-json\/wp\/v2\/types\/mec-events"}],"author":[{"embeddable":true,"href":"https:\/\/landupplysingar.is\/index.php\/wp-json\/wp\/v2\/users\/1"}],"replies":[{"embeddable":true,"href":"https:\/\/landupplysingar.is\/index.php\/wp-json\/wp\/v2\/comments?post=5498"}],"wp:featuredmedia":[{"embeddable":true,"href":"https:\/\/landupplysingar.is\/index.php\/wp-json\/wp\/v2\/media\/4423"}],"wp:attachment":[{"href":"https:\/\/landupplysingar.is\/index.php\/wp-json\/wp\/v2\/media?parent=5498"}],"wp:term":[{"taxonomy":"post_tag","embeddable":true,"href":"https:\/\/landupplysingar.is\/index.php\/wp-json\/wp\/v2\/tags?post=5498"},{"taxonomy":"mec_category","embeddable":true,"href":"https:\/\/landupplysingar.is\/index.php\/wp-json\/wp\/v2\/mec_category?post=5498"}],"curies":[{"name":"wp","href":"https:\/\/api.w.org\/{rel}","templated":true}]}}

Aðalfundur LÍSU 2024

<p>Aðalfundur LÍSU verður haldinn í sal Vegagerðarinnar þann 21. febrúar næstkomandi frá 13 &#8211; 14.</p>
<p>Dagskrá:</p>
<p>Venjuleg aðalfundarstörf skv. 6. gr. laga samtakanna.</p>
<p>Tekið er á móti uppástungum um nýja stjórnarmeðlimi með tölvupósti: lisa@landupplysingar.is</p>
<p> </p>
<p> </p>
<p> </p>

<p>Aðalfundur LÍSU verður haldinn í sal Vegagerðarinnar þann 21. febrúar næstkomandi frá 13 &#8211; 14. Dagskrá: Venjuleg aðalfundarstörf skv. 6. gr. laga samtakanna. Tekið er á móti uppástungum um nýja stjórnarmeðlimi með tölvupósti: lisa@landupplysingar.is      </p>
