{"id":4746,"date":"2022-11-02T12:07:37","date_gmt":"2022-11-02T12:07:37","guid":{"rendered":"https:\/\/landupplysingar.is\/?page_id=4746"},"modified":"2022-11-02T12:07:39","modified_gmt":"2022-11-02T12:07:39","slug":"nakvaem-stadsetning-fyrir-alla-2","status":"publish","type":"page","link":"https:\/\/landupplysingar.is\/index.php\/nakvaem-stadsetning-fyrir-alla-2\/","title":{"rendered":"N\u00e1kv\u00e6m sta\u00f0setning fyrir alla."},"content":{"rendered":"\n<p>Gu\u00f0mundur Valsson \u2013 LM\u00cd<\/p>\n\n\n\n<div data-wp-interactive=\"core\/file\" class=\"wp-block-file\"><object data-wp-bind--hidden=\"!state.hasPdfPreview\" hidden class=\"wp-block-file__embed\" data=\"https:\/\/landupplysingar.is\/wp-content\/uploads\/2022\/11\/Gudmundur-Valsson.pdf\" type=\"application\/pdf\" style=\"width:100%;height:600px\" aria-label=\"Embed of Embed of Gu\u00f0mundur Valsson..\"><\/object><a id=\"wp-block-file--media-231eb524-71de-4321-b886-8c83e588ecd2\" href=\"https:\/\/landupplysingar.is\/wp-content\/uploads\/2022\/11\/Gudmundur-Valsson.pdf\">Gu\u00f0mundur Valsson<\/a><a href=\"https:\/\/landupplysingar.is\/wp-content\/uploads\/2022\/11\/Gudmundur-Valsson.pdf\" class=\"wp-block-file__button\" download aria-describedby=\"wp-block-file--media-231eb524-71de-4321-b886-8c83e588ecd2\">Download<\/a><\/div>\n","protected":false},"excerpt":{"rendered":"<p>Gu\u00f0mundur Valsson \u2013 LM\u00cd<\/p>\n","protected":false},"author":1,"featured_media":0,"parent":0,"menu_order":0,"comment_status":"closed","ping_status":"closed","template":"","meta":{"_exactmetrics_skip_tracking":false,"_exactmetrics_sitenote_active":false,"_exactmetrics_sitenote_note":"","_exactmetrics_sitenote_category":0,"_uf_show_specific_survey":0,"_uf_disable_surveys":false,"footnotes":""},"class_list":["post-4746","page","type-page","status-publish","hentry"],"aioseo_notices":[],"_links":{"self":[{"href":"https:\/\/landupplysingar.is\/index.php\/wp-json\/wp\/v2\/pages\/4746","targetHints":{"allow":["GET"]}}],"collection":[{"href":"https:\/\/landupplysingar.is\/index.php\/wp-json\/wp\/v2\/pages"}],"about":[{"href":"https:\/\/landupplysingar.is\/index.php\/wp-json\/wp\/v2\/types\/page"}],"author":[{"embeddable":true,"href":"https:\/\/landupplysingar.is\/index.php\/wp-json\/wp\/v2\/users\/1"}],"replies":[{"embeddable":true,"href":"https:\/\/landupplysingar.is\/index.php\/wp-json\/wp\/v2\/comments?post=4746"}],"version-history":[{"count":1,"href":"https:\/\/landupplysingar.is\/index.php\/wp-json\/wp\/v2\/pages\/4746\/revisions"}],"predecessor-version":[{"id":4749,"href":"https:\/\/landupplysingar.is\/index.php\/wp-json\/wp\/v2\/pages\/4746\/revisions\/4749"}],"wp:attachment":[{"href":"https:\/\/landupplysingar.is\/index.php\/wp-json\/wp\/v2\/media?parent=4746"}],"curies":[{"name":"wp","href":"https:\/\/api.w.org\/{rel}","templated":true}]}}