{"id":5375,"date":"2023-10-23T21:23:03","date_gmt":"2023-10-23T21:23:03","guid":{"rendered":"https:\/\/landupplysingar.is\/?page_id=5375"},"modified":"2023-10-23T21:23:03","modified_gmt":"2023-10-23T21:23:03","slug":"mjog-verdmaet-gogn-og-frumvarp-um-endurnot-opinberra-upplysinga","status":"publish","type":"page","link":"https:\/\/landupplysingar.is\/index.php\/mjog-verdmaet-gogn-og-frumvarp-um-endurnot-opinberra-upplysinga\/","title":{"rendered":"Mj\u00f6g ver\u00f0m\u00e6t g\u00f6gn og frumvarp um endurnot opinberra uppl\u00fdsinga."},"content":{"rendered":"\n<p>Anna Ahlbrect &#8211; Landm\u00e6lingar \u00cdslands<\/p>\n\n\n\n<div data-wp-interactive=\"core\/file\" class=\"wp-block-file\"><object data-wp-bind--hidden=\"!state.hasPdfPreview\" hidden class=\"wp-block-file__embed\" data=\"https:\/\/landupplysingar.is\/wp-content\/uploads\/2023\/10\/Anna-Ahlbrect-Read-Only.pdf\" type=\"application\/pdf\" style=\"width:100%;height:600px\" aria-label=\"Embed of Anna-Ahlbrect-Read-Only.\"><\/object><a id=\"wp-block-file--media-d50e073e-25c2-467f-b3d5-979fdde24a58\" href=\"https:\/\/landupplysingar.is\/wp-content\/uploads\/2023\/10\/Anna-Ahlbrect-Read-Only.pdf\">Anna-Ahlbrect-Read-Only<\/a><a href=\"https:\/\/landupplysingar.is\/wp-content\/uploads\/2023\/10\/Anna-Ahlbrect-Read-Only.pdf\" class=\"wp-block-file__button wp-element-button\" download aria-describedby=\"wp-block-file--media-d50e073e-25c2-467f-b3d5-979fdde24a58\">Download<\/a><\/div>\n","protected":false},"excerpt":{"rendered":"<p>Anna Ahlbrect &#8211; Landm\u00e6lingar \u00cdslands<\/p>\n","protected":false},"author":1,"featured_media":0,"parent":0,"menu_order":0,"comment_status":"closed","ping_status":"closed","template":"","meta":{"_exactmetrics_skip_tracking":false,"_exactmetrics_sitenote_active":false,"_exactmetrics_sitenote_note":"","_exactmetrics_sitenote_category":0,"_uf_show_specific_survey":0,"_uf_disable_surveys":false,"footnotes":""},"class_list":["post-5375","page","type-page","status-publish","hentry"],"aioseo_notices":[],"_links":{"self":[{"href":"https:\/\/landupplysingar.is\/index.php\/wp-json\/wp\/v2\/pages\/5375","targetHints":{"allow":["GET"]}}],"collection":[{"href":"https:\/\/landupplysingar.is\/index.php\/wp-json\/wp\/v2\/pages"}],"about":[{"href":"https:\/\/landupplysingar.is\/index.php\/wp-json\/wp\/v2\/types\/page"}],"author":[{"embeddable":true,"href":"https:\/\/landupplysingar.is\/index.php\/wp-json\/wp\/v2\/users\/1"}],"replies":[{"embeddable":true,"href":"https:\/\/landupplysingar.is\/index.php\/wp-json\/wp\/v2\/comments?post=5375"}],"version-history":[{"count":1,"href":"https:\/\/landupplysingar.is\/index.php\/wp-json\/wp\/v2\/pages\/5375\/revisions"}],"predecessor-version":[{"id":5378,"href":"https:\/\/landupplysingar.is\/index.php\/wp-json\/wp\/v2\/pages\/5375\/revisions\/5378"}],"wp:attachment":[{"href":"https:\/\/landupplysingar.is\/index.php\/wp-json\/wp\/v2\/media?parent=5375"}],"curies":[{"name":"wp","href":"https:\/\/api.w.org\/{rel}","templated":true}]}}