{"id":5380,"date":"2023-10-23T21:28:07","date_gmt":"2023-10-23T21:28:07","guid":{"rendered":"https:\/\/landupplysingar.is\/?page_id=5380"},"modified":"2023-10-23T21:28:08","modified_gmt":"2023-10-23T21:28:08","slug":"askoranir-vid-innvidi-hledslu-rafbila","status":"publish","type":"page","link":"https:\/\/landupplysingar.is\/index.php\/askoranir-vid-innvidi-hledslu-rafbila\/","title":{"rendered":"\u00c1skoranir vi\u00f0 innvi\u00f0i hle\u00f0slu rafb\u00edla."},"content":{"rendered":"\n<p>Sigur\u00f0ur \u00c1stgeirsson \u2013 \u00cdsorka<\/p>\n\n\n\n<div data-wp-interactive=\"core\/file\" class=\"wp-block-file\"><object data-wp-bind--hidden=\"!state.hasPdfPreview\" hidden class=\"wp-block-file__embed\" data=\"https:\/\/landupplysingar.is\/wp-content\/uploads\/2023\/10\/askoranir-vid-innvidi.pdf\" type=\"application\/pdf\" style=\"width:100%;height:600px\" aria-label=\"Embed of askoranir-vid-innvidi.\"><\/object><a id=\"wp-block-file--media-f5fe8714-3457-49fa-9e60-e21da969f633\" href=\"https:\/\/landupplysingar.is\/wp-content\/uploads\/2023\/10\/askoranir-vid-innvidi.pdf\">askoranir-vid-innvidi<\/a><a href=\"https:\/\/landupplysingar.is\/wp-content\/uploads\/2023\/10\/askoranir-vid-innvidi.pdf\" class=\"wp-block-file__button wp-element-button\" download aria-describedby=\"wp-block-file--media-f5fe8714-3457-49fa-9e60-e21da969f633\">Download<\/a><\/div>\n","protected":false},"excerpt":{"rendered":"<p>Sigur\u00f0ur \u00c1stgeirsson \u2013 \u00cdsorka<\/p>\n","protected":false},"author":1,"featured_media":0,"parent":0,"menu_order":0,"comment_status":"closed","ping_status":"closed","template":"","meta":{"_exactmetrics_skip_tracking":false,"_exactmetrics_sitenote_active":false,"_exactmetrics_sitenote_note":"","_exactmetrics_sitenote_category":0,"_uf_show_specific_survey":0,"_uf_disable_surveys":false,"footnotes":""},"class_list":["post-5380","page","type-page","status-publish","hentry"],"aioseo_notices":[],"_links":{"self":[{"href":"https:\/\/landupplysingar.is\/index.php\/wp-json\/wp\/v2\/pages\/5380","targetHints":{"allow":["GET"]}}],"collection":[{"href":"https:\/\/landupplysingar.is\/index.php\/wp-json\/wp\/v2\/pages"}],"about":[{"href":"https:\/\/landupplysingar.is\/index.php\/wp-json\/wp\/v2\/types\/page"}],"author":[{"embeddable":true,"href":"https:\/\/landupplysingar.is\/index.php\/wp-json\/wp\/v2\/users\/1"}],"replies":[{"embeddable":true,"href":"https:\/\/landupplysingar.is\/index.php\/wp-json\/wp\/v2\/comments?post=5380"}],"version-history":[{"count":1,"href":"https:\/\/landupplysingar.is\/index.php\/wp-json\/wp\/v2\/pages\/5380\/revisions"}],"predecessor-version":[{"id":5383,"href":"https:\/\/landupplysingar.is\/index.php\/wp-json\/wp\/v2\/pages\/5380\/revisions\/5383"}],"wp:attachment":[{"href":"https:\/\/landupplysingar.is\/index.php\/wp-json\/wp\/v2\/media?parent=5380"}],"curies":[{"name":"wp","href":"https:\/\/api.w.org\/{rel}","templated":true}]}}