{"id":5681,"date":"2024-11-07T15:34:24","date_gmt":"2024-11-07T15:34:24","guid":{"rendered":"https:\/\/landupplysingar.is\/?page_id=5681"},"modified":"2025-03-06T14:56:46","modified_gmt":"2025-03-06T14:56:46","slug":"samstarf-islenskra-haskola-um-framhaldsnam-i-gis-og-fjarkonnun","status":"publish","type":"page","link":"https:\/\/landupplysingar.is\/index.php\/samstarf-islenskra-haskola-um-framhaldsnam-i-gis-og-fjarkonnun\/","title":{"rendered":"Samstarf \u00edslenskra h\u00e1sk\u00f3la um framhaldsn\u00e1m \u00ed GIS og fjark\u00f6nnun."},"content":{"rendered":"","protected":false},"excerpt":{"rendered":"","protected":false},"author":1,"featured_media":0,"parent":0,"menu_order":0,"comment_status":"closed","ping_status":"closed","template":"","meta":{"_exactmetrics_skip_tracking":false,"_exactmetrics_sitenote_active":false,"_exactmetrics_sitenote_note":"","_exactmetrics_sitenote_category":0,"_uf_show_specific_survey":0,"_uf_disable_surveys":false,"footnotes":""},"class_list":["post-5681","page","type-page","status-publish","hentry"],"aioseo_notices":[],"_links":{"self":[{"href":"https:\/\/landupplysingar.is\/index.php\/wp-json\/wp\/v2\/pages\/5681","targetHints":{"allow":["GET"]}}],"collection":[{"href":"https:\/\/landupplysingar.is\/index.php\/wp-json\/wp\/v2\/pages"}],"about":[{"href":"https:\/\/landupplysingar.is\/index.php\/wp-json\/wp\/v2\/types\/page"}],"author":[{"embeddable":true,"href":"https:\/\/landupplysingar.is\/index.php\/wp-json\/wp\/v2\/users\/1"}],"replies":[{"embeddable":true,"href":"https:\/\/landupplysingar.is\/index.php\/wp-json\/wp\/v2\/comments?post=5681"}],"version-history":[{"count":4,"href":"https:\/\/landupplysingar.is\/index.php\/wp-json\/wp\/v2\/pages\/5681\/revisions"}],"predecessor-version":[{"id":5884,"href":"https:\/\/landupplysingar.is\/index.php\/wp-json\/wp\/v2\/pages\/5681\/revisions\/5884"}],"wp:attachment":[{"href":"https:\/\/landupplysingar.is\/index.php\/wp-json\/wp\/v2\/media?parent=5681"}],"curies":[{"name":"wp","href":"https:\/\/api.w.org\/{rel}","templated":true}]}}