{"id":5788,"date":"2024-11-12T09:40:46","date_gmt":"2024-11-12T09:40:46","guid":{"rendered":"https:\/\/landupplysingar.is\/?page_id=5788"},"modified":"2024-12-02T14:15:12","modified_gmt":"2024-12-02T14:15:12","slug":"gagnaland-abyrg-lausn-fyrir-landupplysingar","status":"publish","type":"page","link":"https:\/\/landupplysingar.is\/index.php\/gagnaland-abyrg-lausn-fyrir-landupplysingar\/","title":{"rendered":"Gagnaland \u2013 \u00c1byrg lausn fyrir landuppl\u00fdsingar."},"content":{"rendered":"\n<p>\u00c1 verkfr\u00e6\u00f0istofu EFLU ver\u00f0ur til gr\u00ed\u00f0arlegt magn af g\u00f6gnum sem h\u00e6gt er a\u00f0 n\u00fdta \u00ed \u00f3l\u00edkum (landuppl\u00fdsinga) verkefnum.&nbsp;<br>Utanumhald, skipulag og \u00f6ryggi vi\u00f0 var\u00f0veislu og me\u00f0h\u00f6ndlun gagna \u00ed mismunandi forritum eru d\u00e6mi um \u00fe\u00e6r \u00e1skoranir, sem ur\u00f0u til \u00feess a\u00f0 EFLA \u00fer\u00f3a\u00f0i GAGNALAND: Alhli\u00f0a og \u00e1byrg lausn fyrir vistun og mi\u00f0lun landuppl\u00fdsinga.<\/p>\n\n\n\n<p>Fyrirlesarar: Claudia Schenk og Steinunn Elva Gunnarsd\u00f3ttir, Efla<\/p>\n\n\n\n<div data-wp-interactive=\"core\/file\" class=\"wp-block-file\"><object data-wp-bind--hidden=\"!state.hasPdfPreview\" hidden class=\"wp-block-file__embed\" data=\"https:\/\/landupplysingar.is\/wp-content\/uploads\/2024\/12\/Gagnaland-kynning-LISU-radstefna-14.11.2024-Read-Only.pdf\" type=\"application\/pdf\" style=\"width:100%;height:600px\" aria-label=\"Embed of Gagnaland-kynning-LISU-radstefna-14.11.2024-Read-Only.\"><\/object><a id=\"wp-block-file--media-6c5ebf73-df8a-452a-92ea-7750e91b3eda\" href=\"https:\/\/landupplysingar.is\/wp-content\/uploads\/2024\/12\/Gagnaland-kynning-LISU-radstefna-14.11.2024-Read-Only.pdf\">Gagnaland-kynning-LISU-radstefna-14.11.2024-Read-Only<\/a><a href=\"https:\/\/landupplysingar.is\/wp-content\/uploads\/2024\/12\/Gagnaland-kynning-LISU-radstefna-14.11.2024-Read-Only.pdf\" class=\"wp-block-file__button wp-element-button\" download aria-describedby=\"wp-block-file--media-6c5ebf73-df8a-452a-92ea-7750e91b3eda\">Download<\/a><\/div>\n","protected":false},"excerpt":{"rendered":"<p>\u00c1 verkfr\u00e6\u00f0istofu EFLU ver\u00f0ur til gr\u00ed\u00f0arlegt magn af g\u00f6gnum sem h\u00e6gt er a\u00f0 n\u00fdta \u00ed \u00f3l\u00edkum (landuppl\u00fdsinga) verkefnum.&nbsp;Utanumhald, skipulag og \u00f6ryggi vi\u00f0 var\u00f0veislu og me\u00f0h\u00f6ndlun gagna \u00ed mismunandi forritum eru d\u00e6mi um \u00fe\u00e6r \u00e1skoranir, sem ur\u00f0u til \u00feess a\u00f0 EFLA \u00fer\u00f3a\u00f0i GAGNALAND: Alhli\u00f0a og \u00e1byrg lausn fyrir vistun og mi\u00f0lun landuppl\u00fdsinga. Fyrirlesarar: Claudia Schenk og [&hellip;]<\/p>\n","protected":false},"author":1,"featured_media":0,"parent":0,"menu_order":0,"comment_status":"closed","ping_status":"closed","template":"","meta":{"_exactmetrics_skip_tracking":false,"_exactmetrics_sitenote_active":false,"_exactmetrics_sitenote_note":"","_exactmetrics_sitenote_category":0,"_uf_show_specific_survey":0,"_uf_disable_surveys":false,"footnotes":""},"class_list":["post-5788","page","type-page","status-publish","hentry"],"aioseo_notices":[],"_links":{"self":[{"href":"https:\/\/landupplysingar.is\/index.php\/wp-json\/wp\/v2\/pages\/5788","targetHints":{"allow":["GET"]}}],"collection":[{"href":"https:\/\/landupplysingar.is\/index.php\/wp-json\/wp\/v2\/pages"}],"about":[{"href":"https:\/\/landupplysingar.is\/index.php\/wp-json\/wp\/v2\/types\/page"}],"author":[{"embeddable":true,"href":"https:\/\/landupplysingar.is\/index.php\/wp-json\/wp\/v2\/users\/1"}],"replies":[{"embeddable":true,"href":"https:\/\/landupplysingar.is\/index.php\/wp-json\/wp\/v2\/comments?post=5788"}],"version-history":[{"count":5,"href":"https:\/\/landupplysingar.is\/index.php\/wp-json\/wp\/v2\/pages\/5788\/revisions"}],"predecessor-version":[{"id":5827,"href":"https:\/\/landupplysingar.is\/index.php\/wp-json\/wp\/v2\/pages\/5788\/revisions\/5827"}],"wp:attachment":[{"href":"https:\/\/landupplysingar.is\/index.php\/wp-json\/wp\/v2\/media?parent=5788"}],"curies":[{"name":"wp","href":"https:\/\/api.w.org\/{rel}","templated":true}]}}