{"id":6082,"date":"2025-11-25T15:30:52","date_gmt":"2025-11-25T15:30:52","guid":{"rendered":"https:\/\/landupplysingar.is\/?page_id=6082"},"modified":"2025-11-25T15:30:53","modified_gmt":"2025-11-25T15:30:53","slug":"vegagerdin-landupplysingar-og-framkvaemdakortasja-2","status":"publish","type":"page","link":"https:\/\/landupplysingar.is\/index.php\/vegagerdin-landupplysingar-og-framkvaemdakortasja-2\/","title":{"rendered":"Vegager\u00f0in, Landuppl\u00fdsingar og Framkv\u00e6mdakortasj\u00e1."},"content":{"rendered":"\n<div class=\"wp-block-file\"><a id=\"wp-block-file--media-b86d4170-adbe-4d82-bded-8d497c55a070\" href=\"https:\/\/landupplysingar.is\/wp-content\/uploads\/2025\/11\/Vegagerdin_kortasjar_landupplysingar-1.pptx\">Vegagerdin_kortasjar_landupplysingar<\/a><a href=\"https:\/\/landupplysingar.is\/wp-content\/uploads\/2025\/11\/Vegagerdin_kortasjar_landupplysingar-1.pptx\" class=\"wp-block-file__button wp-element-button\" download aria-describedby=\"wp-block-file--media-b86d4170-adbe-4d82-bded-8d497c55a070\">Download<\/a><\/div>\n","protected":false},"excerpt":{"rendered":"","protected":false},"author":2,"featured_media":0,"parent":0,"menu_order":0,"comment_status":"closed","ping_status":"closed","template":"","meta":{"_exactmetrics_skip_tracking":false,"_exactmetrics_sitenote_active":false,"_exactmetrics_sitenote_note":"","_exactmetrics_sitenote_category":0,"_uf_show_specific_survey":0,"_uf_disable_surveys":false,"footnotes":""},"class_list":["post-6082","page","type-page","status-publish","hentry"],"aioseo_notices":[],"_links":{"self":[{"href":"https:\/\/landupplysingar.is\/index.php\/wp-json\/wp\/v2\/pages\/6082","targetHints":{"allow":["GET"]}}],"collection":[{"href":"https:\/\/landupplysingar.is\/index.php\/wp-json\/wp\/v2\/pages"}],"about":[{"href":"https:\/\/landupplysingar.is\/index.php\/wp-json\/wp\/v2\/types\/page"}],"author":[{"embeddable":true,"href":"https:\/\/landupplysingar.is\/index.php\/wp-json\/wp\/v2\/users\/2"}],"replies":[{"embeddable":true,"href":"https:\/\/landupplysingar.is\/index.php\/wp-json\/wp\/v2\/comments?post=6082"}],"version-history":[{"count":2,"href":"https:\/\/landupplysingar.is\/index.php\/wp-json\/wp\/v2\/pages\/6082\/revisions"}],"predecessor-version":[{"id":6086,"href":"https:\/\/landupplysingar.is\/index.php\/wp-json\/wp\/v2\/pages\/6082\/revisions\/6086"}],"wp:attachment":[{"href":"https:\/\/landupplysingar.is\/index.php\/wp-json\/wp\/v2\/media?parent=6082"}],"curies":[{"name":"wp","href":"https:\/\/api.w.org\/{rel}","templated":true}]}}