{"id":6200,"date":"2026-04-16T20:57:59","date_gmt":"2026-04-16T20:57:59","guid":{"rendered":"https:\/\/landupplysingar.is\/?page_id=6200"},"modified":"2026-04-16T21:18:19","modified_gmt":"2026-04-16T21:18:19","slug":"radstefnur","status":"publish","type":"page","link":"https:\/\/landupplysingar.is\/index.php\/radstefnur\/","title":{"rendered":"R\u00e1\u00f0stefnur"},"content":{"rendered":"\n<p>L\u00cdSA heldur haustr\u00e1\u00f0stefnu \u00e1 hverju \u00e1ri sem og fr\u00e6\u00f0slufundi og tilfallandi r\u00e1\u00f0stefnur. <\/p>\n\n\n\n<p>Listi yfir erindi og pdf.<\/p>\n\n\n\n<p><a href=\"http:\/\/Haustr\u00e1\u00f0stefna 2021: https:\/\/landupplysingar.is\/index.php\/haustradstefna\/\" title=\"\">Haustr\u00e1\u00f0stefna 2021<\/a><\/p>\n\n\n\n<p><a href=\"https:\/\/landupplysingar.is\/index.php\/haustradstefna-2022\/\" title=\"\">Haustr\u00e1\u00f0stefna 2022<\/a><\/p>\n\n\n\n<p><a href=\"https:\/\/landupplysingar.is\/index.php\/haustradstefna-2023\/\" title=\"\">Haustr\u00e1\u00f0stefna 2023<\/a><\/p>\n\n\n\n<p><a href=\"https:\/\/landupplysingar.is\/index.php\/starfid\/haustradstefna-2024\/\" title=\"\">Haustr\u00e1\u00f0stefna 2024<\/a><\/p>\n\n\n\n<p><a href=\"https:\/\/landupplysingar.is\/index.php\/haustradstefna-2025\/\" title=\"\">Haustr\u00e1\u00f0stefna 2025<\/a><\/p>\n\n\n\n<p><\/p>\n","protected":false},"excerpt":{"rendered":"<p>L\u00cdSA heldur haustr\u00e1\u00f0stefnu \u00e1 hverju \u00e1ri sem og fr\u00e6\u00f0slufundi og tilfallandi r\u00e1\u00f0stefnur. Listi yfir erindi og pdf. Haustr\u00e1\u00f0stefna 2021 Haustr\u00e1\u00f0stefna 2022 Haustr\u00e1\u00f0stefna 2023 Haustr\u00e1\u00f0stefna 2024 Haustr\u00e1\u00f0stefna 2025<\/p>\n","protected":false},"author":2,"featured_media":0,"parent":0,"menu_order":0,"comment_status":"closed","ping_status":"closed","template":"","meta":{"_exactmetrics_skip_tracking":false,"_exactmetrics_sitenote_active":false,"_exactmetrics_sitenote_note":"","_exactmetrics_sitenote_category":0,"_uf_show_specific_survey":0,"_uf_disable_surveys":false,"footnotes":""},"class_list":["post-6200","page","type-page","status-publish","hentry"],"aioseo_notices":[],"_links":{"self":[{"href":"https:\/\/landupplysingar.is\/index.php\/wp-json\/wp\/v2\/pages\/6200","targetHints":{"allow":["GET"]}}],"collection":[{"href":"https:\/\/landupplysingar.is\/index.php\/wp-json\/wp\/v2\/pages"}],"about":[{"href":"https:\/\/landupplysingar.is\/index.php\/wp-json\/wp\/v2\/types\/page"}],"author":[{"embeddable":true,"href":"https:\/\/landupplysingar.is\/index.php\/wp-json\/wp\/v2\/users\/2"}],"replies":[{"embeddable":true,"href":"https:\/\/landupplysingar.is\/index.php\/wp-json\/wp\/v2\/comments?post=6200"}],"version-history":[{"count":4,"href":"https:\/\/landupplysingar.is\/index.php\/wp-json\/wp\/v2\/pages\/6200\/revisions"}],"predecessor-version":[{"id":6209,"href":"https:\/\/landupplysingar.is\/index.php\/wp-json\/wp\/v2\/pages\/6200\/revisions\/6209"}],"wp:attachment":[{"href":"https:\/\/landupplysingar.is\/index.php\/wp-json\/wp\/v2\/media?parent=6200"}],"curies":[{"name":"wp","href":"https:\/\/api.w.org\/{rel}","templated":true}]}}